 11*j**2. Calculate y(-9).
5
Let d(a) = a - 1. Suppose f = 3*k + 4, 4*k - 2*f = -0*f - 6. Let l(o) = -14*o - 1. Let n be l(k). Let v = n - 19. Give d(v).
-7
Let b be 380/(-15)*(-6)/4. Suppose 3 = 3*s, 0*m + 2*s - b = -4*m. Suppose m*t = 4*t - 5. Let x(h) = -5*h + 1. Calculate x(t).
6
Let n(z) = z**3 - 4*z**2 + 3. Suppose 0*w - 7 = -t + 4*w, 3*w = -3. Calculate n(t).
-6
Let v(l) = -l**2 + 3. Suppose -5*a + 4 = n, -3*a + 2*n + 6 = a. Let b be (-2 - (-1 + a))*-1. Suppose 14 = -2*y + 2*z, -b - 10 = -3*z. What is v(y)?
-6
Let w = 6 - 4. Let s(m) = m**2 - 4*m + 2 + 3*m + m**3 + w*m. Determine s(-2).
-4
Let t(l) = l - 3. Suppose 0*c = c - 2. Suppose -y + c = z, -2*y + 4*z + 1 = 9. Determine t(y).
-3
Let z(d) = 3*d + 1. Let f = 9 - 8. Give z(f).
4
Let p be -2 + -2 + 2 + 12. Let j(y) = -3 - 3 - y**2 - 2*y**2 - 3*y + p*y**2. Let u(k) = -3*k**2 + 2*k + 3. Let x(d) = -2*j(d) - 5*u(d). Calculate x(4).
-3
Let q(j) = -j + 1. Let l(c) = -c. Let d(n) = -4*l(n) + 3*q(n). Let k = 3 + -8. Calculate d(k).
-2
Let c(g) = g**2 + 6*g + 1. Let w = 1 - -13. Suppose -3*q - 4 - w = 0. Determine c(q).
1
Suppose -6*q + q = 5. Let k(p) be the third derivative of -7*p**6/360 + p**5/120 - p**3/3 + 2*p**2. Let a(h) be the first derivative of k(h). Determine a(q).
-8
Suppose 2*h + 5*g = -23, -4*h - 3*g - 11 = -0*g. Suppose s = -2*n - n - 23, -n = -s + h. Let q = -1 - n. Let i(o) = -o + 3. Calculate i(q).
-2
Let f(w) = 4*w - 1. Let v = -4 - 1. Let p be 6/1 - (-1 - -3). Let z be v/(-7) - p/(-14). Give f(z).
3
Let k(d) = d**2 - 6*d + 3. Let j(o) = -o + o**2 + 2 + 0*o + 3. Let h be j(0). Suppose -p - 4 = h*z, -3*p + 5*z - 8 = -6*p. What is k(p)?
3
Let v(h) = -h**3 - 5*h**2 - 4*h - 2. Let p(d) = -d**3 + 6*d**2 - 2*d - 6. Let m be p(5). Let f = m - 12. Determine v(f).
-8
Let q be 3*(-4)/(-6) + -2. Suppose -5*m + 2 = -q*m + 3*c, -26 = 3*m - 5*c. Let f(d) = -2*d**2 - 3*d - 2. What is f(m)?
-4
Let j(k) = -k**2 - 4*k - 3. Let g be (-4)/3*(-24)/16. Suppose -7 = c - s, 3*c + s = -3 + g. What is j(c)?
1
Let h be (1 + -1)*(-3)/(-6). Let v(w) = h*w + w - 4 - 3 + 0. Calculate v(0).
-7
Suppose 4*s + 2*n - 18 = 0, -2*s - 4*n + 3 = -5*s. Let v(x) be the second derivative of -1/12*x**4 + 1/2*x**3 + 0 + x**2 - 2*x. Give v(s).
2
Let s(q) = 7*q**3 + 2*q**2 - 2*q + 1. Suppose 4*x = 22 - 6. Let m(d) = d**2 - 4*d + 1. Let n be m(x). Determine s(n).
8
Let k(w) = -6*w + 1. Let c(h) = h**2 + 17*h - 3. Suppose -2*s - 20 = -8. Let a(n) = s*c(n) - 17*k(n). Determine a(1).
-5
Let j(t) = -t + 8. Let x be j(5). Let i = -10 + x. Let u(m) = m**2 + 5*m - 9. What is u(i)?
5
Let j(q) = 2*q**3 - 5*q**2 + 6*q - 8. Let f(n) = -5*n**3 + 10*n**2 - 12*n + 17. Let b(x) = -3*f(x) - 7*j(x). Calculate b(-6).
5
Let k = -62 - -69. Let g(a) = -4*a + 9. Determine g(k).
-19
Let a = -4 + 6. Suppose -2*j + 0*j + a = 0. Let g(r) be the first derivative of -3*r**2 - r + 5. Calculate g(j).
-7
Let w(n) = -14*n + 1. Let z = -15 - -16. Calculate w(z).
-13
Let t(v) be the first derivative of v**2/2 + 6*v + 14. Let p = 7 - 2. What is t(p)?
11
Let s be (1/(-3))/(4/(-72)). Let f(g) = 3 + 2*g**2 - 2*g - s*g - g**2. Let b(a) = a**3 + 3*a**2 - 5*a + 1. Let x be b(-4). Calculate f(x).
-12
Suppose -7*k - 25 = -2*k. Let n(r) = r + 7. Let w be n(k). Suppose -v + 1 = w. Let p(c) = -7*c**2 - 1. What is p(v)?
-8
Let l(u) = -u + 6. Suppose 4*m + 2*v + 8 = 4*v, 0 = v - 4. Let c be m/(0 + -1 + 0). What is l(c)?
6
Let q = -2 + 4. Let u(o) = -1 + 0 - o**q + 2. Let y = 17 + -16. Determine u(y).
0
Let s(j) = -3*j - 4. Let a = 62 - 67. Calculate s(a).
11
Let y(i) = -i**2 - 8*i - 3. Let o be (-4 + (-33)/(-6))*-2. Determine y(o).
12
Let t(j) = -j**2 - 5*j - 3. Let s = -37 + 53. Suppose s = l - 4*g, 5*l = l - 5*g + 1. Suppose 0 = l*h - 3*y + 2 + 5, 4*y = -4*h - 28. Give t(h).
1
Let t(q) = -q**3 - 5*q**2 - 2*q + 4. Let c be (-2)/(-3) - (-8)/(-12). Suppose -4 = u - c. Determine t(u).
-4
Suppose -4*i = -0*i - 20. Let w(k) = i*k + k - k - 4*k - 5. Determine w(5).
0
Let c(b) = -34*b - 6 + 17*b + 18*b. Calculate c(5).
-1
Let k = -2 - -4. Let z(b) = 2*b**2 + 0*b**2 - 1 - 2*b**2 - 2*b**2. Calculate z(k).
-9
Let x be 4*(-5)/((-30)/(-12)). Let z(r) = r**3 + 8*r**2 - 2. Determine z(x).
-2
Let p(f) be the third derivative of -1/60*f**5 + 0 + 4/3*f**3 + 3*f**2 + 5/24*f**4 + 0*f. What is p(6)?
2
Let v(l) be the first derivative of -l**2/2 + l + 4. Suppose -x + 5*x = 44. Let n = x + -6. Give v(n).
-4
Let a(i) = -i - 2*i + 5*i - 7. Give a(5).
3
Let r(n) be the second derivative of n**4/12 + n**3/6 + 14*n. Give r(-2).
2
Let i(r) = r**2 - 6*r. Suppose -q = f - 12, 0*f - 2*f = -5*q + 11. What is i(f)?
7
Let s(n) be the third derivative of n**4/24 + 3*n**3/2 + 15*n**2. Let d(v) = v**3 - 10*v**2 - v + 4. Let x be d(10). Determine s(x).
3
Let z(b) = 2*b**3 + 5*b**2 - 4*b + 7. Let p(a) = a**3 + 2*a**2 - 2*a + 3. Let t(v) = 5*p(v) - 2*z(v). Suppose 3*o - 6 = -0*o. Determine t(o).
5
Let k(z) = -5*z**3 - 4*z**2 - 6*z + 8. Let g(o) = 4*o**3 + 5*o**2 + 6*o - 7. Let i = -15 + 18. Let q(p) = i*k(p) + 4*g(p). Calculate q(-7).
3
Let w(h) = -h - 10. Suppose -3*l = 2*l + 35. Let p be w(l). Let q(t) = t**2 + 2*t + 2. Calculate q(p).
5
Let b(i) = i**3 + 6*i**2 + 4*i - 4. Suppose 4*k + 1 - 21 = 0. Suppose -2*x + k*d + 10 = 0, 4*x + 24 = -5*d - 16. Calculate b(x).
1
Let l(f) = 4*f**3 - f**2 - 3*f - 3. Let p(d) = d**3 - d**2 - d. Let h(o) = -l(o) + 5*p(o). Give h(4).
-5
Let i(s) = 3*s**3 - 32*s**2 - 35*s - 21. Let r(y) = -y**3 + 11*y**2 + 12*y + 7. Let b(d) = 4*i(d) + 11*r(d). Give b(8).
-7
Let o(f) = -f - 1. Suppose v = -2 + 6. Let d be -2*(-4)/v*1. What is o(d)?
-3
Suppose 0*p - 9 = -3*p. Suppose 0 = 4*s - 16 - 0. Let f(c) = c**2 + 3*c - 7*c + s + 0*c**2. Give f(p).
1
Let j be ((-6)/9)/(4/(-18)). Let a(c) = -3*c - 3. Let x(o) = 4*o + 3. Let u = -6 + 1. Let w(g) = u*x(g) - 6*a(g). What is w(j)?
-3
Let m(z) = -3*z**2 + 49 - 51 - 6*z + 3*z + 4*z**2. Suppose -3*c + 28 = c - 4*j, 0 = -3*c + 2*j + 17. Give m(c).
-2
Let w be (-10)/((0 - -2)*-1). Let y(d) = -5*d + d**3 + 1 - 2*d**2 + 0*d**3 - 2*d**2. What is y(w)?
1
Let d(i) = -6*i**3 + 77*i - 76*i + 0*i**2 + 2*i**2. What is d(-1)?
7
Suppose 0*k + 5*k + 15 = 0. Let x be 15*(-1)/k*1. Let q(f) be the second derivative of -f**3/6 + 5*f**2 - 5*f. Determine q(x).
5
Let a(p) = -1 - p - 2*p - p**3 - 3*p**2 + p. Let l be a(-2). Let y(z) = 5*z**2 + 1 - 5*z**2 + z**2 - 2*z**3 + 8*z**3 + 2*z. What is y(l)?
-6
Let v(w) = w**3 + 7*w**2 + 4*w. Let k be v(-6). Let d = k - 8. Suppose 0*a = -d*a - 16. Let q(x) = x + 5. Determine q(a).
1
Suppose 0 = 2*x + x. Let i(n) = n**3 + 3*n**2 + 2*n - 2. Let o(a) = -3*a**3 - 10*a**2 - 7*a + 5. Let p(z) = -7*i(z) - 2*o(z). Calculate p(x).
4
Let y(r) = r**2 + 6*r + 7. Let h(l) = 4*l + 1. Suppose -3*q + 5 = 5*m, -2*m - 7 = -4*q + 17. Let s be h(m). Let v = s + 2. Calculate y(v).
2
Suppose 4*q = q - 9. Let n(v) be the first derivative of -v**4/4 - 5*v**3/3 - 2*v**2 + v + 13. Calculate n(q).
-5
Let w(u) = -u - 10. Suppose 24 = -4*l - 4. What is w(l)?
-3
Let m(d) = d. Let b(v) = -v - 7. Suppose -3*i + i + 4*u - 14 = 0, 0 = -2*i - u - 19. Let o be b(i). Let l(h) = -3*h + 1. Let f be l(o). What is m(f)?
-5
Let p = -15 - -18. Let y(o) be the second derivative of -1/12*o**4 + 1/2*o**3 + 2*o - 2*o**2 + 0. Determine y(p).
-4
Let g = 26 - -15. Suppose -3*u = -5*v + 13, -g = -5*v - 5*u + 4. Let l(i) = i**2 - 6*i. Calculate l(v).
-5
Let u(k) = 7*k + 9. Let y(o) = o - 4*o - 5 - o. Let b(w) = 3*u(w) + 5*y(w). Calculate b(4).
6
Let k(w) = -w + 11. Let h be k(8). Let b(m) be the second derivative of -1/3*m**h + 0 + m - 1/2*m**2. Give b(1).
-3
Suppose 3*v + 21 = 3*r, -2 + 15 = -3*v - 5*r. Let d(t) be the second derivative of -t**3/6 - t**2 + 2*t. Determine d(v).
4
Let h(x) = -3*x + 1. Let m(v) = v + 1. Let g(y) = -h(y) - 4*m(y). Let q = -7 - -12. Suppose -q*b = -5*u + 10, -2*b = -b + 5*u - 10. Give g(b).
-5
Let a(y) = y - 3. Let t = 99 - 92. Give a(t).
4
Let o(k) = -13*k**2 + k. Let j be -1 + -4 + 16 + -12. Determine o(j).
-14
Let u be -9*(-1 + 4/6). Let x(p) = -p + u + 3*p - p. Let s(l) = l + 2. Let y(c) = 5*s(c) - 3*x(c). Calculate y(-2).
-3
Let n(r) = -r**3 + 6*r**2 - 6*r + 3. Let o be 6/18 + (-2)/(-3). Let u be o*(3 + 3 - 1). What is n(u)?
-2
Suppose -j = 3*j + 36. Let i = j - -13. Let n(h) = 2*h**2 - 6*h + 1. Give n(i).
9
Suppose 3*o - 15 + 6 = 0.